{"id":187,"date":"2018-05-04T09:50:30","date_gmt":"2018-05-04T09:50:30","guid":{"rendered":"http:\/\/alfredjarry.fr\/jarry\/?page_id=187"},"modified":"2018-11-11T10:14:17","modified_gmt":"2018-11-11T10:14:17","slug":"letoile-absinthe-n-138-charlotte-jarry-lettres-a-rachilde-et-alfred-vallette-2017-2","status":"publish","type":"page","link":"https:\/\/alfredjarry.fr\/jarry\/?page_id=187","title":{"rendered":"L&rsquo;\u00c9toile-Absinthe, n\u00b0 138, Charlotte Jarry, Lettres \u00e0 Rachilde et Alfred Vallette (2017-2)"},"content":{"rendered":"<p style=\"text-align: justify;\">Charlotte Jarry a souvent \u00e9t\u00e9 consid\u00e9r\u00e9e de mani\u00e8re condescendante par la critique. C\u2019est pourtant gr\u00e2ce \u00e0 elle qu\u2019a \u00e9t\u00e9 publi\u00e9 en 1943 <em>La Dragonne<\/em>, le dernier roman de Jarry, de mani\u00e8re posthume. Dans les quelques ann\u00e9es qui suivent la mort de Jarry, elle entretient une correspondance soutenue avec Rachilde et Vallette, qui avait \u00e9t\u00e9 nomm\u00e9 ex\u00e9cuteur testamentaire de Jarry. Cette correspondance, qui avait \u00e9t\u00e9 perdue depuis les ann\u00e9es 1960 et n\u2019avait jamais \u00e9t\u00e9 publi\u00e9e (\u00e0 l\u2019exception de bribes dans les <em>Cahiers du coll\u00e8ge de pataphysique<\/em>), a \u00e9t\u00e9 r\u00e9cemment retrouv\u00e9e \u00e0 la Biblioth\u00e8que litt\u00e9raire Jacques Doucet. Elle apporte de nombreuses informations nouvelles sur les derniers jours de Jarry, sur sa succession, sur la mise en sc\u00e8ne de <em>Pantagruel<\/em>, op\u00e9ra-comique qu\u2019il a \u00e9crit avec Claude Terrasse, et sur la pr\u00e9paration de l\u2019\u00e9dition de <em>La Dragonne<\/em>. Charlotte Jarry est en prise avec les \u00e9diteurs de son fr\u00e8re (Fasquelle, le Mercure de France), avec ses fournisseurs (Jarry a laiss\u00e9 de nombreuses dettes), avec ses collaborateurs (Demolder, Terrasse, Saltas). Pr\u00eate \u00e0 tout pour d\u00e9fendre la gloire posthume de son fr\u00e8re, elle d\u00e9cide de terminer elle-m\u00eame le manuscrit incomplet de <em>La Dragonne<\/em>, t\u00e2che que Jarry avait confi\u00e9e en vain \u00e0 Rachilde. Elle d\u00e9crit \u00e0 Rachilde son travail de reprise du texte, entrecoup\u00e9 de d\u00e9tails sur son existence en Bretagne \u2013 d\u00e9tails qu\u2019elle incorpore au fur et \u00e0 mesure dans le roman lui-m\u00eame. On assiste en d\u00e9finitive, dans cette correspondance, \u00e0 la naissance d\u2019une timide vocation d\u2019\u00e9crivain, contrecarr\u00e9e par la marginalisation croissante de Charlotte Jarry, ruin\u00e9e par les dettes d\u2019Alfred et oubli\u00e9e peu \u00e0 peu par le couple d\u2019\u00e9diteurs parisiens. Les derni\u00e8res lettres, o\u00f9 elle ins\u00e8re des po\u00e8mes en m\u00e9moire de son fr\u00e8re et des Vallette, \u00e9crites en pleine guerre, sont particuli\u00e8rement poignantes.<br \/>\nAlain Millet, ayant-droit de No\u00ebl Arnaud, a par ailleurs accept\u00e9 que nous publiions dans ce dossier un passage in\u00e9dit du second volume (jamais paru) de la biographie de Jarry consacr\u00e9 \u00e0 Charlotte Jarry.<\/p>\n<p><a href=\"http:\/\/alfredjarry.fr\/jarry\/wp-content\/uploads\/2018\/05\/IMG_0647LOW.jpg\" rel=\"attachment wp-att-190\"><img loading=\"lazy\" decoding=\"async\" class=\"aligncenter size-large wp-image-190\" src=\"http:\/\/alfredjarry.fr\/jarry\/wp-content\/uploads\/2018\/05\/IMG_0647LOW-713x1024.jpg\" alt=\"IMG_0647LOW\" width=\"660\" height=\"948\" srcset=\"https:\/\/alfredjarry.fr\/jarry\/wp-content\/uploads\/2018\/05\/IMG_0647LOW-713x1024.jpg 713w, https:\/\/alfredjarry.fr\/jarry\/wp-content\/uploads\/2018\/05\/IMG_0647LOW-350x503.jpg 350w, https:\/\/alfredjarry.fr\/jarry\/wp-content\/uploads\/2018\/05\/IMG_0647LOW-209x300.jpg 209w, https:\/\/alfredjarry.fr\/jarry\/wp-content\/uploads\/2018\/05\/IMG_0647LOW-768x1103.jpg 768w, https:\/\/alfredjarry.fr\/jarry\/wp-content\/uploads\/2018\/05\/IMG_0647LOW-scaled.jpg 1783w\" sizes=\"auto, (max-width: 660px) 100vw, 660px\" \/><\/a><\/p>\n<p><strong>Illustrations<\/strong><\/p>\n<p>&#8211; 2 photographies de Charlotte Jarry, collection Linda Stillman<br \/>\n&#8211; 14 cartes postales de Charlotte Jarry aux Vallette<\/p>\n<p style=\"text-align: justify;\"><strong><a href=\"http:\/\/alfredjarry.fr\/jarry\/wp-content\/uploads\/2018\/05\/IMG_0651LOW.jpg\" rel=\"attachment wp-att-194\"><img loading=\"lazy\" decoding=\"async\" class=\"aligncenter wp-image-194 size-large\" src=\"http:\/\/alfredjarry.fr\/jarry\/wp-content\/uploads\/2018\/05\/IMG_0651LOW-1024x797.jpg\" alt=\"IMG_0651LOW\" width=\"660\" height=\"514\" srcset=\"https:\/\/alfredjarry.fr\/jarry\/wp-content\/uploads\/2018\/05\/IMG_0651LOW-1024x797.jpg 1024w, https:\/\/alfredjarry.fr\/jarry\/wp-content\/uploads\/2018\/05\/IMG_0651LOW-350x273.jpg 350w, https:\/\/alfredjarry.fr\/jarry\/wp-content\/uploads\/2018\/05\/IMG_0651LOW-300x234.jpg 300w, https:\/\/alfredjarry.fr\/jarry\/wp-content\/uploads\/2018\/05\/IMG_0651LOW-768x598.jpg 768w\" sizes=\"auto, (max-width: 660px) 100vw, 660px\" \/><\/a><\/strong><\/p>\n<p style=\"text-align: justify;\"><strong>Tirage<\/strong><\/p>\n<p style=\"text-align: justify;\">300 exemplaires, dont 25 exemplaires sur papier verg\u00e9, 13,5 x 20 cm, 144 pages, impression en bichromie rouge\/noir, couverture \u00e0 rabat, non coup\u00e9.<\/p>\n<p style=\"text-align: justify;\">Prix: exemplaire sur papier ordinaire: 20\u20ac, exemplaire sur papier verg\u00e9: 100\u20ac.<\/p>\n<p style=\"text-align: justify;\"><a href=\"http:\/\/alfredjarry.fr\/jarry\/wp-content\/uploads\/2018\/05\/IMG_0649LOW.jpg\" rel=\"attachment wp-att-192\"><img loading=\"lazy\" decoding=\"async\" class=\"aligncenter size-large wp-image-192\" src=\"http:\/\/alfredjarry.fr\/jarry\/wp-content\/uploads\/2018\/05\/IMG_0649LOW-1024x614.jpg\" alt=\"IMG_0649LOW\" width=\"660\" height=\"396\" srcset=\"https:\/\/alfredjarry.fr\/jarry\/wp-content\/uploads\/2018\/05\/IMG_0649LOW-1024x614.jpg 1024w, https:\/\/alfredjarry.fr\/jarry\/wp-content\/uploads\/2018\/05\/IMG_0649LOW-350x210.jpg 350w, https:\/\/alfredjarry.fr\/jarry\/wp-content\/uploads\/2018\/05\/IMG_0649LOW-300x180.jpg 300w, https:\/\/alfredjarry.fr\/jarry\/wp-content\/uploads\/2018\/05\/IMG_0649LOW-768x460.jpg 768w\" sizes=\"auto, (max-width: 660px) 100vw, 660px\" \/><\/a><\/p>\n<p style=\"text-align: justify;\"><strong><a href=\"http:\/\/alfredjarry.fr\/jarry\/wp-content\/uploads\/2018\/05\/Bon_de_commande_Correspondance_Charlotte_Jarry.pdf\" rel=\"\">Bon de commande<\/a><\/strong><\/p>\n<p style=\"text-align: justify;\">Ch\u00e8ques \u00e0 l\u2019ordre de la \u00ab\u00a0Soci\u00e9t\u00e9 des Amis d\u2019Alfred Jarry\u00a0\u00bb, en euro, \u00e0 exp\u00e9dier \u00e0 la secr\u00e9taire (Diana Beaume,\u00a0<b>66 avenue Henri Ravera 92220 Bagneux<\/b>. <a href=\"mailto:diana.beaume@free.fr\">diana.beaume@free.fr<\/a>). Possibilit\u00e9 de virement paypal\u00a0: adresser un paiement \u00e0 l\u2019adresse <a href=\"mailto:andre.marcueil@gmail.com\">andre.marcueil@gmail.com<\/a><\/p>\n<p style=\"text-align: justify;\"><a href=\"http:\/\/alfredjarry.fr\/jarry\/wp-content\/uploads\/2018\/05\/IMG_0650LOW.jpg\" rel=\"attachment wp-att-193\"><img loading=\"lazy\" decoding=\"async\" class=\"aligncenter size-large wp-image-193\" src=\"http:\/\/alfredjarry.fr\/jarry\/wp-content\/uploads\/2018\/05\/IMG_0650LOW-1024x777.jpg\" alt=\"IMG_0650LOW\" width=\"660\" height=\"501\" srcset=\"https:\/\/alfredjarry.fr\/jarry\/wp-content\/uploads\/2018\/05\/IMG_0650LOW-1024x777.jpg 1024w, https:\/\/alfredjarry.fr\/jarry\/wp-content\/uploads\/2018\/05\/IMG_0650LOW-350x266.jpg 350w, https:\/\/alfredjarry.fr\/jarry\/wp-content\/uploads\/2018\/05\/IMG_0650LOW-300x228.jpg 300w, https:\/\/alfredjarry.fr\/jarry\/wp-content\/uploads\/2018\/05\/IMG_0650LOW-768x583.jpg 768w\" sizes=\"auto, (max-width: 660px) 100vw, 660px\" \/><\/a><\/p>\n<p style=\"text-align: justify;\"><a href=\"http:\/\/alfredjarry.fr\/jarry\/wp-content\/uploads\/2018\/05\/IMG_0652LOW.jpg\" rel=\"attachment wp-att-195\"><img loading=\"lazy\" decoding=\"async\" class=\"aligncenter size-large wp-image-195\" src=\"http:\/\/alfredjarry.fr\/jarry\/wp-content\/uploads\/2018\/05\/IMG_0652LOW-1024x795.jpg\" alt=\"IMG_0652LOW\" width=\"660\" height=\"512\" srcset=\"https:\/\/alfredjarry.fr\/jarry\/wp-content\/uploads\/2018\/05\/IMG_0652LOW-1024x795.jpg 1024w, https:\/\/alfredjarry.fr\/jarry\/wp-content\/uploads\/2018\/05\/IMG_0652LOW-350x272.jpg 350w, https:\/\/alfredjarry.fr\/jarry\/wp-content\/uploads\/2018\/05\/IMG_0652LOW-300x233.jpg 300w, https:\/\/alfredjarry.fr\/jarry\/wp-content\/uploads\/2018\/05\/IMG_0652LOW-768x596.jpg 768w\" sizes=\"auto, (max-width: 660px) 100vw, 660px\" \/><\/a><\/p>\n<p style=\"text-align: justify;\"><a href=\"http:\/\/alfredjarry.fr\/jarry\/wp-content\/uploads\/2018\/05\/IMG_0653LOW.jpg\" rel=\"attachment wp-att-196\"><img loading=\"lazy\" decoding=\"async\" class=\"aligncenter size-large wp-image-196\" src=\"http:\/\/alfredjarry.fr\/jarry\/wp-content\/uploads\/2018\/05\/IMG_0653LOW-1024x699.jpg\" alt=\"IMG_0653LOW\" width=\"660\" height=\"451\" srcset=\"https:\/\/alfredjarry.fr\/jarry\/wp-content\/uploads\/2018\/05\/IMG_0653LOW-1024x699.jpg 1024w, https:\/\/alfredjarry.fr\/jarry\/wp-content\/uploads\/2018\/05\/IMG_0653LOW-350x239.jpg 350w, https:\/\/alfredjarry.fr\/jarry\/wp-content\/uploads\/2018\/05\/IMG_0653LOW-300x205.jpg 300w, https:\/\/alfredjarry.fr\/jarry\/wp-content\/uploads\/2018\/05\/IMG_0653LOW-768x525.jpg 768w\" sizes=\"auto, (max-width: 660px) 100vw, 660px\" \/><\/a><\/p>\n","protected":false},"excerpt":{"rendered":"<p>Charlotte Jarry a souvent \u00e9t\u00e9 consid\u00e9r\u00e9e de mani\u00e8re condescendante par la critique. C\u2019est pourtant gr\u00e2ce \u00e0 elle qu\u2019a \u00e9t\u00e9 publi\u00e9 en 1943 La Dragonne, le dernier roman de Jarry, de mani\u00e8re posthume. Dans les quelques ann\u00e9es qui suivent la mort de Jarry, elle entretient une correspondance soutenue avec Rachilde et Vallette, qui avait \u00e9t\u00e9 nomm\u00e9 &hellip; <a href=\"https:\/\/alfredjarry.fr\/jarry\/?page_id=187\" class=\"more-link\">Continuer la lecture de <span class=\"screen-reader-text\">L&rsquo;\u00c9toile-Absinthe, n\u00b0 138, Charlotte Jarry, Lettres \u00e0 Rachilde et Alfred Vallette (2017-2)<\/span><\/a><\/p>\n","protected":false},"author":1,"featured_media":194,"parent":0,"menu_order":0,"comment_status":"closed","ping_status":"closed","template":"","meta":{"footnotes":""},"class_list":["post-187","page","type-page","status-publish","has-post-thumbnail","hentry"],"_links":{"self":[{"href":"https:\/\/alfredjarry.fr\/jarry\/index.php?rest_route=\/wp\/v2\/pages\/187","targetHints":{"allow":["GET"]}}],"collection":[{"href":"https:\/\/alfredjarry.fr\/jarry\/index.php?rest_route=\/wp\/v2\/pages"}],"about":[{"href":"https:\/\/alfredjarry.fr\/jarry\/index.php?rest_route=\/wp\/v2\/types\/page"}],"author":[{"embeddable":true,"href":"https:\/\/alfredjarry.fr\/jarry\/index.php?rest_route=\/wp\/v2\/users\/1"}],"replies":[{"embeddable":true,"href":"https:\/\/alfredjarry.fr\/jarry\/index.php?rest_route=%2Fwp%2Fv2%2Fcomments&post=187"}],"version-history":[{"count":4,"href":"https:\/\/alfredjarry.fr\/jarry\/index.php?rest_route=\/wp\/v2\/pages\/187\/revisions"}],"predecessor-version":[{"id":205,"href":"https:\/\/alfredjarry.fr\/jarry\/index.php?rest_route=\/wp\/v2\/pages\/187\/revisions\/205"}],"wp:featuredmedia":[{"embeddable":true,"href":"https:\/\/alfredjarry.fr\/jarry\/index.php?rest_route=\/wp\/v2\/media\/194"}],"wp:attachment":[{"href":"https:\/\/alfredjarry.fr\/jarry\/index.php?rest_route=%2Fwp%2Fv2%2Fmedia&parent=187"}],"curies":[{"name":"wp","href":"https:\/\/api.w.org\/{rel}","templated":true}]}}

L&rsquo;Étoile-Absinthe, n° 138, Charlotte Jarry, Lettres à Rachilde et Alfred Vallette (2017-2)

<p style="text-align: justify;">Charlotte Jarry a souvent été considérée de manière condescendante par la critique. C’est pourtant grâce à elle qu’a été publié en 1943 <em>La Dragonne</em>, le dernier roman de Jarry, de manière posthume. Dans les quelques années qui suivent la mort de Jarry, elle entretient une correspondance soutenue avec Rachilde et Vallette, qui avait été nommé exécuteur testamentaire de Jarry. Cette correspondance, qui avait été perdue depuis les années 1960 et n’avait jamais été publiée (à l’exception de bribes dans les <em>Cahiers du collège de pataphysique</em>), a été récemment retrouvée à la Bibliothèque littéraire Jacques Doucet. Elle apporte de nombreuses informations nouvelles sur les derniers jours de Jarry, sur sa succession, sur la mise en scène de <em>Pantagruel</em>, opéra-comique qu’il a écrit avec Claude Terrasse, et sur la préparation de l’édition de <em>La Dragonne</em>. Charlotte Jarry est en prise avec les éditeurs de son frère (Fasquelle, le Mercure de France), avec ses fournisseurs (Jarry a laissé de nombreuses dettes), avec ses collaborateurs (Demolder, Terrasse, Saltas). Prête à tout pour défendre la gloire posthume de son frère, elle décide de terminer elle-même le manuscrit incomplet de <em>La Dragonne</em>, tâche que Jarry avait confiée en vain à Rachilde. Elle décrit à Rachilde son travail de reprise du texte, entrecoupé de détails sur son existence en Bretagne – détails qu’elle incorpore au fur et à mesure dans le roman lui-même. On assiste en définitive, dans cette correspondance, à la naissance d’une timide vocation d’écrivain, contrecarrée par la marginalisation croissante de Charlotte Jarry, ruinée par les dettes d’Alfred et oubliée peu à peu par le couple d’éditeurs parisiens. Les dernières lettres, où elle insère des poèmes en mémoire de son frère et des Vallette, écrites en pleine guerre, sont particulièrement poignantes.<br />
Alain Millet, ayant-droit de Noël Arnaud, a par ailleurs accepté que nous publiions dans ce dossier un passage inédit du second volume (jamais paru) de la biographie de Jarry consacré à Charlotte Jarry.</p>
<p><a href="http://alfredjarry.fr/jarry/wp-content/uploads/2018/05/IMG_0647LOW.jpg" rel="attachment wp-att-190"><img loading="lazy" decoding="async" class="aligncenter size-large wp-image-190" src="http://alfredjarry.fr/jarry/wp-content/uploads/2018/05/IMG_0647LOW-713x1024.jpg" alt="IMG_0647LOW" width="660" height="948" srcset="https://alfredjarry.fr/jarry/wp-content/uploads/2018/05/IMG_0647LOW-713x1024.jpg 713w, https://alfredjarry.fr/jarry/wp-content/uploads/2018/05/IMG_0647LOW-350x503.jpg 350w, https://alfredjarry.fr/jarry/wp-content/uploads/2018/05/IMG_0647LOW-209x300.jpg 209w, https://alfredjarry.fr/jarry/wp-content/uploads/2018/05/IMG_0647LOW-768x1103.jpg 768w, https://alfredjarry.fr/jarry/wp-content/uploads/2018/05/IMG_0647LOW-scaled.jpg 1783w" sizes="auto, (max-width: 660px) 100vw, 660px" /></a></p>
<p><strong>Illustrations</strong></p>
<p>&#8211; 2 photographies de Charlotte Jarry, collection Linda Stillman<br />
&#8211; 14 cartes postales de Charlotte Jarry aux Vallette</p>
<p style="text-align: justify;"><strong><a href="http://alfredjarry.fr/jarry/wp-content/uploads/2018/05/IMG_0651LOW.jpg" rel="attachment wp-att-194"><img loading="lazy" decoding="async" class="aligncenter wp-image-194 size-large" src="http://alfredjarry.fr/jarry/wp-content/uploads/2018/05/IMG_0651LOW-1024x797.jpg" alt="IMG_0651LOW" width="660" height="514" srcset="https://alfredjarry.fr/jarry/wp-content/uploads/2018/05/IMG_0651LOW-1024x797.jpg 1024w, https://alfredjarry.fr/jarry/wp-content/uploads/2018/05/IMG_0651LOW-350x273.jpg 350w, https://alfredjarry.fr/jarry/wp-content/uploads/2018/05/IMG_0651LOW-300x234.jpg 300w, https://alfredjarry.fr/jarry/wp-content/uploads/2018/05/IMG_0651LOW-768x598.jpg 768w" sizes="auto, (max-width: 660px) 100vw, 660px" /></a></strong></p>
<p style="text-align: justify;"><strong>Tirage</strong></p>
<p style="text-align: justify;">300 exemplaires, dont 25 exemplaires sur papier vergé, 13,5 x 20 cm, 144 pages, impression en bichromie rouge/noir, couverture à rabat, non coupé.</p>
<p style="text-align: justify;">Prix: exemplaire sur papier ordinaire: 20€, exemplaire sur papier vergé: 100€.</p>
<p style="text-align: justify;"><a href="http://alfredjarry.fr/jarry/wp-content/uploads/2018/05/IMG_0649LOW.jpg" rel="attachment wp-att-192"><img loading="lazy" decoding="async" class="aligncenter size-large wp-image-192" src="http://alfredjarry.fr/jarry/wp-content/uploads/2018/05/IMG_0649LOW-1024x614.jpg" alt="IMG_0649LOW" width="660" height="396" srcset="https://alfredjarry.fr/jarry/wp-content/uploads/2018/05/IMG_0649LOW-1024x614.jpg 1024w, https://alfredjarry.fr/jarry/wp-content/uploads/2018/05/IMG_0649LOW-350x210.jpg 350w, https://alfredjarry.fr/jarry/wp-content/uploads/2018/05/IMG_0649LOW-300x180.jpg 300w, https://alfredjarry.fr/jarry/wp-content/uploads/2018/05/IMG_0649LOW-768x460.jpg 768w" sizes="auto, (max-width: 660px) 100vw, 660px" /></a></p>
<p style="text-align: justify;"><strong><a href="http://alfredjarry.fr/jarry/wp-content/uploads/2018/05/Bon_de_commande_Correspondance_Charlotte_Jarry.pdf" rel="">Bon de commande</a></strong></p>
<p style="text-align: justify;">Chèques à l’ordre de la « Société des Amis d’Alfred Jarry », en euro, à expédier à la secrétaire (Diana Beaume, <b>66 avenue Henri Ravera 92220 Bagneux</b>. <a href="mailto:diana.beaume@free.fr">diana.beaume@free.fr</a>). Possibilité de virement paypal : adresser un paiement à l’adresse <a href="mailto:andre.marcueil@gmail.com">andre.marcueil@gmail.com</a></p>
<p style="text-align: justify;"><a href="http://alfredjarry.fr/jarry/wp-content/uploads/2018/05/IMG_0650LOW.jpg" rel="attachment wp-att-193"><img loading="lazy" decoding="async" class="aligncenter size-large wp-image-193" src="http://alfredjarry.fr/jarry/wp-content/uploads/2018/05/IMG_0650LOW-1024x777.jpg" alt="IMG_0650LOW" width="660" height="501" srcset="https://alfredjarry.fr/jarry/wp-content/uploads/2018/05/IMG_0650LOW-1024x777.jpg 1024w, https://alfredjarry.fr/jarry/wp-content/uploads/2018/05/IMG_0650LOW-350x266.jpg 350w, https://alfredjarry.fr/jarry/wp-content/uploads/2018/05/IMG_0650LOW-300x228.jpg 300w, https://alfredjarry.fr/jarry/wp-content/uploads/2018/05/IMG_0650LOW-768x583.jpg 768w" sizes="auto, (max-width: 660px) 100vw, 660px" /></a></p>
<p style="text-align: justify;"><a href="http://alfredjarry.fr/jarry/wp-content/uploads/2018/05/IMG_0652LOW.jpg" rel="attachment wp-att-195"><img loading="lazy" decoding="async" class="aligncenter size-large wp-image-195" src="http://alfredjarry.fr/jarry/wp-content/uploads/2018/05/IMG_0652LOW-1024x795.jpg" alt="IMG_0652LOW" width="660" height="512" srcset="https://alfredjarry.fr/jarry/wp-content/uploads/2018/05/IMG_0652LOW-1024x795.jpg 1024w, https://alfredjarry.fr/jarry/wp-content/uploads/2018/05/IMG_0652LOW-350x272.jpg 350w, https://alfredjarry.fr/jarry/wp-content/uploads/2018/05/IMG_0652LOW-300x233.jpg 300w, https://alfredjarry.fr/jarry/wp-content/uploads/2018/05/IMG_0652LOW-768x596.jpg 768w" sizes="auto, (max-width: 660px) 100vw, 660px" /></a></p>
<p style="text-align: justify;"><a href="http://alfredjarry.fr/jarry/wp-content/uploads/2018/05/IMG_0653LOW.jpg" rel="attachment wp-att-196"><img loading="lazy" decoding="async" class="aligncenter size-large wp-image-196" src="http://alfredjarry.fr/jarry/wp-content/uploads/2018/05/IMG_0653LOW-1024x699.jpg" alt="IMG_0653LOW" width="660" height="451" srcset="https://alfredjarry.fr/jarry/wp-content/uploads/2018/05/IMG_0653LOW-1024x699.jpg 1024w, https://alfredjarry.fr/jarry/wp-content/uploads/2018/05/IMG_0653LOW-350x239.jpg 350w, https://alfredjarry.fr/jarry/wp-content/uploads/2018/05/IMG_0653LOW-300x205.jpg 300w, https://alfredjarry.fr/jarry/wp-content/uploads/2018/05/IMG_0653LOW-768x525.jpg 768w" sizes="auto, (max-width: 660px) 100vw, 660px" /></a></p>

<p>Charlotte Jarry a souvent été considérée de manière condescendante par la critique. C’est pourtant grâce à elle qu’a été publié en 1943 La Dragonne, le dernier roman de Jarry, de manière posthume. Dans les quelques années qui suivent la mort de Jarry, elle entretient une correspondance soutenue avec Rachilde et Vallette, qui avait été nommé &hellip; <a href="https://alfredjarry.fr/jarry/?page_id=187" class="more-link">Continuer la lecture de <span class="screen-reader-text">L&rsquo;Étoile-Absinthe, n° 138, Charlotte Jarry, Lettres à Rachilde et Alfred Vallette (2017-2)</span></a></p>
