{"id":284,"date":"2025-10-26T13:10:10","date_gmt":"2025-10-26T13:10:10","guid":{"rendered":"https:\/\/alfredjarry.fr\/jarry\/?page_id=284"},"modified":"2025-10-29T08:29:57","modified_gmt":"2025-10-29T08:29:57","slug":"presentation-a-la-librairie-ephemere-haussmann-109-bd-haussmann-paris-8%e1%b5%89-15-nov-2025","status":"publish","type":"page","link":"https:\/\/alfredjarry.fr\/jarry\/?page_id=284","title":{"rendered":"\u00ab\u00a0Une fin de si\u00e8cle qui n\u2019en finit pas : Autour de Rachilde, symbolisme et transgression\u00a0\u00bb (Librairie \u00c9ph\u00e9m\u00e8re Haussmann, 15 nov. 2025)"},"content":{"rendered":"\n<p><strong>Samedi 15 novembre 2025, 17h30\u201319h00<\/strong><\/p>\n\n\n\n<p>Librairie-ephemere \u2013 109 bd Haussmann: <a href=\"https:\/\/www.librairiegaylussac.fr\/librairie-ephemere-109-bd-haussmann-2\/\">https:\/\/www.librairiegaylussac.fr\/librairie-ephemere-109-bd-haussmann-2\/<\/a><\/p>\n\n\n\n<h2 class=\"wp-block-heading\">Une fin de si\u00e8cle qui n\u2019en finit pas : Autour de Rachilde, symbolisme et transgression<\/h2>\n\n\n\n<p>La <strong>Librairie \u00e9ph\u00e9m\u00e8re Haussmann<\/strong> accueille une soir\u00e9e consacr\u00e9e \u00e0 <strong>Rachilde<\/strong> (1860-1953), figure centrale de la d\u00e9cadence fin-de-si\u00e8cle, critique au <em>Mercure de France<\/em> et \u00ab\u00a0homme de lettres\u00a0\u00bb, \u00e0 l\u2019occasion de la sortie du volume Rachilde, <em>Amours monstres<\/em> (Bouquins) et de <em>La Sanglante ironie<\/em> dans la collection \u00ab Romans fin-de-si\u00e8cle \/ romans d\u2019avant-garde \u00bb (Du L\u00e9rot).<\/p>\n\n\n\n<figure class=\"wp-block-image size-large\"><a href=\"https:\/\/alfredjarry.fr\/jarry\/wp-content\/uploads\/2025\/10\/Rachilde_style_Vallotton.jpg\"><img loading=\"lazy\" decoding=\"async\" width=\"683\" height=\"1024\" src=\"https:\/\/alfredjarry.fr\/jarry\/wp-content\/uploads\/2025\/10\/Rachilde_style_Vallotton-683x1024.jpg\" alt=\"\" class=\"wp-image-287\" srcset=\"https:\/\/alfredjarry.fr\/jarry\/wp-content\/uploads\/2025\/10\/Rachilde_style_Vallotton-683x1024.jpg 683w, https:\/\/alfredjarry.fr\/jarry\/wp-content\/uploads\/2025\/10\/Rachilde_style_Vallotton-200x300.jpg 200w, https:\/\/alfredjarry.fr\/jarry\/wp-content\/uploads\/2025\/10\/Rachilde_style_Vallotton-768x1152.jpg 768w, https:\/\/alfredjarry.fr\/jarry\/wp-content\/uploads\/2025\/10\/Rachilde_style_Vallotton.jpg 1024w\" sizes=\"auto, (max-width: 683px) 100vw, 683px\" \/><\/a><\/figure>\n\n\n\n<h2 class=\"wp-block-heading\">Programme (17h30\u201319h00)<\/h2>\n\n\n\n<p><strong>Pourquoi \u00e9diter Rachilde aujourd\u2019hui ?<\/strong><\/p>\n\n\n\n<p><em>Franck Javourez<\/em> &amp; <em>Julien Schuh<\/em><\/p>\n\n\n\n<p>Relire Rachilde : enjeux \u00e9ditoriaux, r\u00e9ception, et raisons d\u2019actualit\u00e9 (genre, pouvoir, m\u00e9dias de masse).<\/p>\n\n\n\n<p><strong>Lire, \u00e9crire avec Rachilde<\/strong><\/p>\n\n\n\n<p><em>Fran\u00e7ois Angelier (<\/em>Mauvais genres<em>) &amp; Esther Teillard (<\/em>Carnes<em>, Prix Sade du premier roman<\/em>)<\/p>\n\n\n\n<p>Comment une voix d\u00e9cadente travaille encore nos formes contemporaines.<\/p>\n\n\n\n<p><strong>Arch\u00e9ologie d\u2019une biblioth\u00e8que finis\u00e9culaire : la collection \u00ab Romans fin-de-si\u00e8cle \/ romans d\u2019avant-garde \u00bb (Du L\u00e9rot)<\/strong><\/p>\n\n\n\n<p><em>\u00c9tienne Louis, Evanghelia Stead, Helen Craske, Julien Schuh<\/em><\/p>\n\n\n\n<p>Cartographie d\u2019un fonds vivant, principes d\u2019\u00e9dition, circulation des \u0153uvres oubli\u00e9es. Pr\u00e9sentation : <a href=\"https:\/\/alfredjarry.fr\/jarry\/?page_id=262\">https:\/\/alfredjarry.fr\/jarry\/?page_id=262<\/a><\/p>\n\n\n\n<p><strong>\u00c9change avec le public<\/strong><\/p>\n\n\n\n<p><strong>Verre &amp; d\u00e9dicaces<\/strong><\/p>\n\n\n\n<h2 class=\"wp-block-heading\">Infos pratiques<\/h2>\n\n\n\n<ul class=\"wp-block-list\">\n<li><strong>Date &amp; heure<\/strong> : samedi <strong>15 novembre 2025<\/strong>, 17h30\u201319h00<\/li>\n\n\n\n<li><strong>Lieu<\/strong> : <strong>Librairie \u00e9ph\u00e9m\u00e8re<\/strong>, <strong>109 boulevard Haussmann, 75008 Paris<\/strong><\/li>\n\n\n\n<li><strong>Acc\u00e8s<\/strong> : lien lieu &amp; infos pratiques: <a href=\"https:\/\/www.librairiegaylussac.fr\/librairie-ephemere-109-bd-haussmann-2\/\">https:\/\/www.librairiegaylussac.fr\/librairie-ephemere-109-bd-haussmann-2\/<\/a><\/li>\n\n\n\n<li><strong>Entr\u00e9e libre<\/strong> dans la limite des places disponibles.<\/li>\n\n\n\n<li><strong>D\u00e9dicaces &amp; verr\u00e9e<\/strong> \u00e0 l\u2019issue des \u00e9changes.<\/li>\n<\/ul>\n\n\n\n<figure class=\"wp-block-image size-large\"><a href=\"https:\/\/alfredjarry.fr\/jarry\/wp-content\/uploads\/2025\/10\/Rachilde_Bouquins_couv.jpg\"><img loading=\"lazy\" decoding=\"async\" width=\"683\" height=\"1024\" src=\"https:\/\/alfredjarry.fr\/jarry\/wp-content\/uploads\/2025\/10\/Rachilde_Bouquins_couv-683x1024.jpg\" alt=\"\" class=\"wp-image-285\" srcset=\"https:\/\/alfredjarry.fr\/jarry\/wp-content\/uploads\/2025\/10\/Rachilde_Bouquins_couv-683x1024.jpg 683w, https:\/\/alfredjarry.fr\/jarry\/wp-content\/uploads\/2025\/10\/Rachilde_Bouquins_couv-200x300.jpg 200w, https:\/\/alfredjarry.fr\/jarry\/wp-content\/uploads\/2025\/10\/Rachilde_Bouquins_couv-768x1152.jpg 768w, https:\/\/alfredjarry.fr\/jarry\/wp-content\/uploads\/2025\/10\/Rachilde_Bouquins_couv.jpg 800w\" sizes=\"auto, (max-width: 683px) 100vw, 683px\" \/><\/a><\/figure>\n\n\n\n<figure class=\"wp-block-image size-large\"><a href=\"https:\/\/alfredjarry.fr\/jarry\/wp-content\/uploads\/2025\/10\/Rachilde-Sanglante-ironie.jpg\"><img loading=\"lazy\" decoding=\"async\" width=\"687\" height=\"1024\" src=\"https:\/\/alfredjarry.fr\/jarry\/wp-content\/uploads\/2025\/10\/Rachilde-Sanglante-ironie-687x1024.jpg\" alt=\"\" class=\"wp-image-286\" srcset=\"https:\/\/alfredjarry.fr\/jarry\/wp-content\/uploads\/2025\/10\/Rachilde-Sanglante-ironie-687x1024.jpg 687w, https:\/\/alfredjarry.fr\/jarry\/wp-content\/uploads\/2025\/10\/Rachilde-Sanglante-ironie-201x300.jpg 201w, https:\/\/alfredjarry.fr\/jarry\/wp-content\/uploads\/2025\/10\/Rachilde-Sanglante-ironie-768x1145.jpg 768w, https:\/\/alfredjarry.fr\/jarry\/wp-content\/uploads\/2025\/10\/Rachilde-Sanglante-ironie-1030x1536.jpg 1030w, https:\/\/alfredjarry.fr\/jarry\/wp-content\/uploads\/2025\/10\/Rachilde-Sanglante-ironie.jpg 1246w\" sizes=\"auto, (max-width: 687px) 100vw, 687px\" \/><\/a><\/figure>\n","protected":false},"excerpt":{"rendered":"<p>Samedi 15 novembre 2025, 17h30\u201319h00 Librairie-ephemere \u2013 109 bd Haussmann: https:\/\/www.librairiegaylussac.fr\/librairie-ephemere-109-bd-haussmann-2\/ Une fin de si\u00e8cle qui n\u2019en finit pas : Autour de Rachilde, symbolisme et transgression La Librairie \u00e9ph\u00e9m\u00e8re Haussmann accueille une soir\u00e9e consacr\u00e9e \u00e0 Rachilde (1860-1953), figure centrale de la d\u00e9cadence fin-de-si\u00e8cle, critique au Mercure de France et \u00ab\u00a0homme de lettres\u00a0\u00bb, \u00e0 l\u2019occasion de &hellip; <a href=\"https:\/\/alfredjarry.fr\/jarry\/?page_id=284\" class=\"more-link\">Continuer la lecture de <span class=\"screen-reader-text\">\u00ab\u00a0Une fin de si\u00e8cle qui n\u2019en finit pas : Autour de Rachilde, symbolisme et transgression\u00a0\u00bb (Librairie \u00c9ph\u00e9m\u00e8re Haussmann, 15 nov. 2025)<\/span><\/a><\/p>\n","protected":false},"author":1,"featured_media":0,"parent":0,"menu_order":0,"comment_status":"closed","ping_status":"closed","template":"","meta":{"footnotes":""},"class_list":["post-284","page","type-page","status-publish","hentry"],"_links":{"self":[{"href":"https:\/\/alfredjarry.fr\/jarry\/index.php?rest_route=\/wp\/v2\/pages\/284","targetHints":{"allow":["GET"]}}],"collection":[{"href":"https:\/\/alfredjarry.fr\/jarry\/index.php?rest_route=\/wp\/v2\/pages"}],"about":[{"href":"https:\/\/alfredjarry.fr\/jarry\/index.php?rest_route=\/wp\/v2\/types\/page"}],"author":[{"embeddable":true,"href":"https:\/\/alfredjarry.fr\/jarry\/index.php?rest_route=\/wp\/v2\/users\/1"}],"replies":[{"embeddable":true,"href":"https:\/\/alfredjarry.fr\/jarry\/index.php?rest_route=%2Fwp%2Fv2%2Fcomments&post=284"}],"version-history":[{"count":4,"href":"https:\/\/alfredjarry.fr\/jarry\/index.php?rest_route=\/wp\/v2\/pages\/284\/revisions"}],"predecessor-version":[{"id":293,"href":"https:\/\/alfredjarry.fr\/jarry\/index.php?rest_route=\/wp\/v2\/pages\/284\/revisions\/293"}],"wp:attachment":[{"href":"https:\/\/alfredjarry.fr\/jarry\/index.php?rest_route=%2Fwp%2Fv2%2Fmedia&parent=284"}],"curies":[{"name":"wp","href":"https:\/\/api.w.org\/{rel}","templated":true}]}}